{"id":389,"date":"2024-12-31T01:49:08","date_gmt":"2024-12-31T00:49:08","guid":{"rendered":"https:\/\/pgik.pgik.se\/?page_id=389"},"modified":"2024-12-31T01:49:08","modified_gmt":"2024-12-31T00:49:08","slug":"spioner-c-byran-och-en-svensk-tiger","status":"publish","type":"page","link":"https:\/\/pgik.pgik.se\/index.php\/spioner-c-byran-och-en-svensk-tiger\/","title":{"rendered":"Spioner, C-byr\u00e5n och en svensk tiger"},"content":{"rendered":"\n<h2 class=\"wp-block-heading\">Spioner, C-byr\u00e5n och en svensk tiger<\/h2>\n\n\n\n<p>Spioner, C-byr\u00e5n och en svensk tiger 16 maj kl 11.<\/p>\n\n\n\n<p>H\u00f6r om spioner och sabot\u00f6rer p\u00e5 stadens gator p\u00e5 en stadsvandring genom andra v\u00e4rldskrigets Stockholm.<\/p>\n\n\n\n<figure class=\"wp-block-image size-full\"><img loading=\"lazy\" decoding=\"async\" width=\"1400\" height=\"788\" src=\"https:\/\/pgik.pgik.se\/wp-content\/uploads\/2024\/12\/spioner.jpg\" alt=\"\" class=\"wp-image-390\" srcset=\"https:\/\/pgik.pgik.se\/wp-content\/uploads\/2024\/12\/spioner.jpg 1400w, https:\/\/pgik.pgik.se\/wp-content\/uploads\/2024\/12\/spioner-300x169.jpg 300w, https:\/\/pgik.pgik.se\/wp-content\/uploads\/2024\/12\/spioner-1024x576.jpg 1024w, https:\/\/pgik.pgik.se\/wp-content\/uploads\/2024\/12\/spioner-768x432.jpg 768w\" sizes=\"auto, (max-width: 1400px) 100vw, 1400px\" \/><\/figure>\n\n\n\n<p>Under denna turbulenta tid var Sverige ett av de f\u00e5 l\u00e4nder i Europa som stod utanf\u00f6r kriget. Stockholm blev under dessa \u00e5r en tummelplats f\u00f6r spioner och fr\u00e4mmande makters underr\u00e4ttelsetj\u00e4nster. De spionerade p\u00e5 Sverige, men kanske \u00e4nnu mer p\u00e5 varandra. Samtidigt byggde Sverige upp en egen verksamhet, det hemliga kontraspionaget. \u00c4ven vanliga svenskar valde att engagera sig privat: en del f\u00f6r att underl\u00e4tta f\u00f6r Tyskland att invadera oss, andra f\u00f6r att f\u00f6rbereda en framtida svensk motst\u00e5ndsr\u00f6relse mot tyskarna. <\/p>\n\n\n\n<p>V\u00e5r vandring b\u00f6rjar vid Generalitetshuset d\u00e4r du f\u00e5r veta vem Lustm\u00f6rdaren var. Varf\u00f6r d\u00f6mdes fyra svenska aff\u00e4rsm\u00e4n till d\u00f6den i Berlin? Hur kunde en svensk cykelordonnans bli sovjetisk spion? <\/p>\n\n\n\n<p>Avslutningen sker p\u00e5 Norrmalmstorg d\u00e4r Tisdagsklubben h\u00f6ll till under andra v\u00e4rldskriget.Vandringen \u00e4r klar ca 13.00 och d\u00e5 t\u00e4nkte vi g\u00e5 till Pong p\u00e5 Nybrogatan och \u00e4ta deras buff\u00e9. https:\/\/pongnybrogatan.se\/lunch\/<\/p>\n\n\n\n<p>Datum: 2024-05-16&nbsp;kl&nbsp;11:00<\/p>\n\n\n\n<p>Anm\u00e4lan: svara p\u00e5 detta mail senast 8 maj (och \u00e4ven om du vill \u00e4ta) och n\u00e4r du f\u00e5tt svar s\u00e4tt in 95:- p\u00e5 pg 2130848-1 OBS nytt pg nr<\/p>\n\n\n\n<p>Samling: H\u00f6rnet\u00a0\u00d6stermalmsgatan\/Skeppargatan<br>Guide: Johan\u00a0Teodorsson som anlitas av Stadsmuseet<br>Vandringen \u00e4r cirka 2,5 kilometer.<\/p>\n\n\n\n<p>Hoppas vi ses<\/p>\n\n\n\n<p>Ingalill 0730200150 Eva 0706690906<\/p>\n","protected":false},"excerpt":{"rendered":"<p>Spioner, C-byr\u00e5n och en svensk tiger Spioner, C-byr\u00e5n och en &hellip; <\/p>\n","protected":false},"author":1,"featured_media":390,"parent":0,"menu_order":0,"comment_status":"closed","ping_status":"closed","template":"","meta":{"footnotes":""},"class_list":["post-389","page","type-page","status-publish","has-post-thumbnail","hentry"],"_links":{"self":[{"href":"https:\/\/pgik.pgik.se\/index.php\/wp-json\/wp\/v2\/pages\/389","targetHints":{"allow":["GET"]}}],"collection":[{"href":"https:\/\/pgik.pgik.se\/index.php\/wp-json\/wp\/v2\/pages"}],"about":[{"href":"https:\/\/pgik.pgik.se\/index.php\/wp-json\/wp\/v2\/types\/page"}],"author":[{"embeddable":true,"href":"https:\/\/pgik.pgik.se\/index.php\/wp-json\/wp\/v2\/users\/1"}],"replies":[{"embeddable":true,"href":"https:\/\/pgik.pgik.se\/index.php\/wp-json\/wp\/v2\/comments?post=389"}],"version-history":[{"count":1,"href":"https:\/\/pgik.pgik.se\/index.php\/wp-json\/wp\/v2\/pages\/389\/revisions"}],"predecessor-version":[{"id":391,"href":"https:\/\/pgik.pgik.se\/index.php\/wp-json\/wp\/v2\/pages\/389\/revisions\/391"}],"wp:featuredmedia":[{"embeddable":true,"href":"https:\/\/pgik.pgik.se\/index.php\/wp-json\/wp\/v2\/media\/390"}],"wp:attachment":[{"href":"https:\/\/pgik.pgik.se\/index.php\/wp-json\/wp\/v2\/media?parent=389"}],"curies":[{"name":"wp","href":"https:\/\/api.w.org\/{rel}","templated":true}]}}