{"id":401,"date":"2024-12-31T11:17:41","date_gmt":"2024-12-31T10:17:41","guid":{"rendered":"https:\/\/pgik.pgik.se\/?page_id=401"},"modified":"2026-02-09T22:25:18","modified_gmt":"2026-02-09T21:25:18","slug":"medlemmar","status":"publish","type":"page","link":"https:\/\/pgik.pgik.se\/index.php\/medlemmar\/","title":{"rendered":"Medlemsinfo"},"content":{"rendered":"\n<h2 class=\"wp-block-heading\">Medlemsinformation<\/h2>\n\n\n\n<p>PGIK \u00e4r f\u00f6reningen f\u00f6r  dig som en g\u00e5ng har varit anst\u00e4lld p\u00e5 Postgirot.<\/p>\n\n\n\n<p><strong>Medlemsavgift<\/strong><\/p>\n\n\n\n<p>S\u00e4tt in 200 kr f\u00f6r \u00e5rsavgiften p\u00e5 plusgirokonto 1654-3 senast sista februari varje \u00e5r.<br><strong>Var v\u00e4nlig att ange ditt namn p\u00e5 inbetalningen.<\/strong><\/p>\n\n\n\n<hr class=\"wp-block-separator has-alpha-channel-opacity\"\/>\n\n\n\n<h2 class=\"wp-block-heading\">\u00c4ndra medlemsuppgifter?<\/h2>\n\n\n\n<p>Maila <a href=\"mailto:medlem@pgik.se\">medlem@pgik.se<\/a> med dina gamla uppgifter och de nya uppgifter du vill \u00e4ndra till.<\/p>\n\n\n\n<hr class=\"wp-block-separator has-alpha-channel-opacity\"\/>\n\n\n\n<h2 class=\"wp-block-heading\">Bli medlem?<\/h2>\n\n\n\n<p>Vill du bli medlem i Postgirots IK (PGIK)? Betala in medlemsavgiften enligt ovan och maila dina uppgifter till <a href=\"mailto:medlem@pgik.se\">medlem@pgik.se<\/a>:<\/p>\n\n\n\n<ul class=\"wp-block-list\">\n<li>f\u00f6r- och efternamn<\/li>\n\n\n\n<li>adress<\/li>\n\n\n\n<li>e-postadress<\/li>\n\n\n\n<li>telefonnummer<\/li>\n\n\n\n<li>n\u00e4r och var du jobbade p\u00e5 Postgirot<\/li>\n<\/ul>\n\n\n\n<p><\/p>\n","protected":false},"excerpt":{"rendered":"<p>Medlemsinformation PGIK \u00e4r f\u00f6reningen f\u00f6r dig som en g\u00e5ng har &hellip; <\/p>\n","protected":false},"author":1,"featured_media":638,"parent":0,"menu_order":0,"comment_status":"closed","ping_status":"closed","template":"","meta":{"footnotes":""},"class_list":["post-401","page","type-page","status-publish","has-post-thumbnail","hentry"],"_links":{"self":[{"href":"https:\/\/pgik.pgik.se\/index.php\/wp-json\/wp\/v2\/pages\/401","targetHints":{"allow":["GET"]}}],"collection":[{"href":"https:\/\/pgik.pgik.se\/index.php\/wp-json\/wp\/v2\/pages"}],"about":[{"href":"https:\/\/pgik.pgik.se\/index.php\/wp-json\/wp\/v2\/types\/page"}],"author":[{"embeddable":true,"href":"https:\/\/pgik.pgik.se\/index.php\/wp-json\/wp\/v2\/users\/1"}],"replies":[{"embeddable":true,"href":"https:\/\/pgik.pgik.se\/index.php\/wp-json\/wp\/v2\/comments?post=401"}],"version-history":[{"count":12,"href":"https:\/\/pgik.pgik.se\/index.php\/wp-json\/wp\/v2\/pages\/401\/revisions"}],"predecessor-version":[{"id":1033,"href":"https:\/\/pgik.pgik.se\/index.php\/wp-json\/wp\/v2\/pages\/401\/revisions\/1033"}],"wp:featuredmedia":[{"embeddable":true,"href":"https:\/\/pgik.pgik.se\/index.php\/wp-json\/wp\/v2\/media\/638"}],"wp:attachment":[{"href":"https:\/\/pgik.pgik.se\/index.php\/wp-json\/wp\/v2\/media?parent=401"}],"curies":[{"name":"wp","href":"https:\/\/api.w.org\/{rel}","templated":true}]}}