{"id":649,"date":"2025-01-08T20:58:27","date_gmt":"2025-01-08T19:58:27","guid":{"rendered":"https:\/\/pgik.pgik.se\/?page_id=649"},"modified":"2025-04-25T11:03:14","modified_gmt":"2025-04-25T09:03:14","slug":"arsmote-2025","status":"publish","type":"page","link":"https:\/\/pgik.pgik.se\/index.php\/arsmote-2025\/","title":{"rendered":"\u00c5rsm\u00f6te 6 mars 2025"},"content":{"rendered":"\n<h2 class=\"wp-block-heading\">\u00c5rsm\u00f6te 6 mars 2025<\/h2>\n\n\n\n<p><strong>\u00c5rsm\u00f6teshandlingar:<\/strong><\/p>\n\n\n\n<div class=\"wp-block-file\"><a id=\"wp-block-file--media-95bf4c0a-76f7-4328-969c-77378d1b305a\" href=\"https:\/\/pgik.pgik.se\/wp-content\/uploads\/2025\/04\/PGIK-arsmote-2025.pdf\">PGIK protokoll a\u030arsmo\u0308te 2025<\/a><\/div>\n\n\n\n<div class=\"wp-block-file\"><a id=\"wp-block-file--media-5697f275-2272-4ec3-bea3-bb70112159b0\" href=\"https:\/\/pgik.pgik.se\/wp-content\/uploads\/2025\/02\/PGIK-inbjudan-arsmote-2025.pdf\">PGIK inbjudan a\u030arsmo\u0308te 2025<\/a><\/div>\n\n\n\n<div class=\"wp-block-file\"><a id=\"wp-block-file--media-b819d051-7363-4b7a-a696-4b2de338a945\" href=\"https:\/\/pgik.pgik.se\/wp-content\/uploads\/2025\/02\/PGIK-verksamhetsberattelse-2024.pdf\">PGIK verksamhetsbera\u0308ttelse 2024<\/a><\/div>\n\n\n\n<div class=\"wp-block-file\"><a id=\"wp-block-file--media-ce9201f7-7cd1-4e82-96e6-f1c336cb164b\" href=\"https:\/\/pgik.pgik.se\/wp-content\/uploads\/2025\/02\/PGIK-verksamhetsplan-2025.pdf\">PGIK verksamhetsplan 2025<\/a><\/div>\n\n\n\n<div class=\"wp-block-file\"><a id=\"wp-block-file--media-32ef4525-5d2a-41e4-ac85-b746af6fc882\" href=\"https:\/\/pgik.pgik.se\/wp-content\/uploads\/2025\/02\/PGIK-Stadgar-5-mars-2009.pdf\">PGIK Stadgar 5 mars 2009<\/a><\/div>\n\n\n\n<div class=\"wp-block-file\"><a id=\"wp-block-file--media-f5a73975-bc91-4ba5-b16f-15c970df132d\" href=\"https:\/\/pgik.pgik.se\/wp-content\/uploads\/2025\/02\/PGIK-Valberedningsforslag-till-styrelse-2025.pdf\">PGIK Valberedningsfo\u0308rslag till styrelse 2025<\/a><\/div>\n\n\n\n<hr class=\"wp-block-separator has-alpha-channel-opacity\"\/>\n\n\n\n<p><a href=\"https:\/\/pgik.pgik.se\/index.php\/om-oss\/\" data-type=\"page\" data-id=\"24\">Tillbaka till sidan Om oss<\/a><\/p>\n\n\n\n<p><\/p>\n\n\n\n<p><\/p>\n","protected":false},"excerpt":{"rendered":"<p>\u00c5rsm\u00f6te 6 mars 2025 \u00c5rsm\u00f6teshandlingar: Tillbaka till sidan Om oss<\/p>\n","protected":false},"author":1,"featured_media":643,"parent":0,"menu_order":0,"comment_status":"closed","ping_status":"closed","template":"","meta":{"footnotes":""},"class_list":["post-649","page","type-page","status-publish","has-post-thumbnail","hentry"],"_links":{"self":[{"href":"https:\/\/pgik.pgik.se\/index.php\/wp-json\/wp\/v2\/pages\/649","targetHints":{"allow":["GET"]}}],"collection":[{"href":"https:\/\/pgik.pgik.se\/index.php\/wp-json\/wp\/v2\/pages"}],"about":[{"href":"https:\/\/pgik.pgik.se\/index.php\/wp-json\/wp\/v2\/types\/page"}],"author":[{"embeddable":true,"href":"https:\/\/pgik.pgik.se\/index.php\/wp-json\/wp\/v2\/users\/1"}],"replies":[{"embeddable":true,"href":"https:\/\/pgik.pgik.se\/index.php\/wp-json\/wp\/v2\/comments?post=649"}],"version-history":[{"count":9,"href":"https:\/\/pgik.pgik.se\/index.php\/wp-json\/wp\/v2\/pages\/649\/revisions"}],"predecessor-version":[{"id":775,"href":"https:\/\/pgik.pgik.se\/index.php\/wp-json\/wp\/v2\/pages\/649\/revisions\/775"}],"wp:featuredmedia":[{"embeddable":true,"href":"https:\/\/pgik.pgik.se\/index.php\/wp-json\/wp\/v2\/media\/643"}],"wp:attachment":[{"href":"https:\/\/pgik.pgik.se\/index.php\/wp-json\/wp\/v2\/media?parent=649"}],"curies":[{"name":"wp","href":"https:\/\/api.w.org\/{rel}","templated":true}]}}