{"id":802,"date":"2025-06-07T14:00:40","date_gmt":"2025-06-07T12:00:40","guid":{"rendered":"https:\/\/pgik.pgik.se\/?page_id=802"},"modified":"2025-06-07T14:59:35","modified_gmt":"2025-06-07T12:59:35","slug":"5-kamp-pa-grona-lund","status":"publish","type":"page","link":"https:\/\/pgik.pgik.se\/index.php\/5-kamp-pa-grona-lund\/","title":{"rendered":"5-kamp p\u00e5 Gr\u00f6na Lund"},"content":{"rendered":"\n<p>\u00c4ntligen dags f\u00f6r 5-kamp, tisdagen 17 juni kl 17.00. Vi ses vid stora ing\u00e5ngen.<\/p>\n\n\n\n<hr class=\"wp-block-separator has-alpha-channel-opacity\"\/>\n\n\n\n<div class=\"wp-block-media-text has-media-on-the-right is-stacked-on-mobile\"><div class=\"wp-block-media-text__content\">\n<p>Anm\u00e4l dig genom att svara p\u00e5 utskickat mail senast 11 juni. Vi beh\u00f6ver veta om du har fyllt 65 \u00e5r. <\/p>\n\n\n\n<p>Kostnad 150 kr d\u00e5 ing\u00e5r intr\u00e4de och 2 fria \u00e5k, 5-kampsh\u00e4fte inkl mat och dryck-kupong f\u00f6r 92 kr och upptr\u00e4dande kl 20.00 med The Corrs.<\/p>\n\n\n\n<p>Vi mailar ut detaljer om betalning efter anm\u00e4lan.<\/p>\n<\/div><figure class=\"wp-block-media-text__media\"><img loading=\"lazy\" decoding=\"async\" width=\"225\" height=\"225\" src=\"https:\/\/pgik.pgik.se\/wp-content\/uploads\/2025\/06\/5kamp.jpeg\" alt=\"Femkamp p\u00e5 Gr\u00f6na Lund\" class=\"wp-image-803 size-full\" srcset=\"https:\/\/pgik.pgik.se\/wp-content\/uploads\/2025\/06\/5kamp.jpeg 225w, https:\/\/pgik.pgik.se\/wp-content\/uploads\/2025\/06\/5kamp-150x150.jpeg 150w\" sizes=\"auto, (max-width: 225px) 100vw, 225px\" \/><\/figure><\/div>\n\n\n\n<hr class=\"wp-block-separator has-alpha-channel-opacity\"\/>\n\n\n\n<div class=\"wp-block-media-text is-stacked-on-mobile\"><figure class=\"wp-block-media-text__media\"><img loading=\"lazy\" decoding=\"async\" width=\"1024\" height=\"480\" src=\"https:\/\/pgik.pgik.se\/wp-content\/uploads\/2025\/06\/thecorrs-large-1024x480.jpg\" alt=\"The Corrs\" class=\"wp-image-804 size-full\" srcset=\"https:\/\/pgik.pgik.se\/wp-content\/uploads\/2025\/06\/thecorrs-large-1024x480.jpg 1024w, https:\/\/pgik.pgik.se\/wp-content\/uploads\/2025\/06\/thecorrs-large-300x141.jpg 300w, https:\/\/pgik.pgik.se\/wp-content\/uploads\/2025\/06\/thecorrs-large-768x360.jpg 768w, https:\/\/pgik.pgik.se\/wp-content\/uploads\/2025\/06\/thecorrs-large.jpg 1402w\" sizes=\"auto, (max-width: 1024px) 100vw, 1024px\" \/><\/figure><div class=\"wp-block-media-text__content\">\n<p>The Corrs, den irl\u00e4ndska pop- och folkmusikgruppen best\u00e5r av syskonskaran Andrea, Sharon, Caroline och Jim Corr. De fick sitt stora genombrott med singeln Breathless.<\/p>\n<\/div><\/div>\n\n\n\n<p>Dans f\u00f6r dig som vill.<\/p>\n\n\n\n<hr class=\"wp-block-separator has-alpha-channel-opacity\"\/>\n\n\n\n<p>Varmt v\u00e4lkommen \u00f6nskar Ingrid (mobil 072-707 1556) och Janne (mobil 076-147 7735)<\/p>\n\n\n\n<p><strong><br><\/strong><\/p>\n","protected":false},"excerpt":{"rendered":"<p>\u00c4ntligen dags f\u00f6r 5-kamp, tisdagen 17 juni kl 17.00. Vi &hellip; <\/p>\n","protected":false},"author":1,"featured_media":805,"parent":0,"menu_order":0,"comment_status":"closed","ping_status":"closed","template":"","meta":{"footnotes":""},"class_list":["post-802","page","type-page","status-publish","has-post-thumbnail","hentry"],"_links":{"self":[{"href":"https:\/\/pgik.pgik.se\/index.php\/wp-json\/wp\/v2\/pages\/802","targetHints":{"allow":["GET"]}}],"collection":[{"href":"https:\/\/pgik.pgik.se\/index.php\/wp-json\/wp\/v2\/pages"}],"about":[{"href":"https:\/\/pgik.pgik.se\/index.php\/wp-json\/wp\/v2\/types\/page"}],"author":[{"embeddable":true,"href":"https:\/\/pgik.pgik.se\/index.php\/wp-json\/wp\/v2\/users\/1"}],"replies":[{"embeddable":true,"href":"https:\/\/pgik.pgik.se\/index.php\/wp-json\/wp\/v2\/comments?post=802"}],"version-history":[{"count":5,"href":"https:\/\/pgik.pgik.se\/index.php\/wp-json\/wp\/v2\/pages\/802\/revisions"}],"predecessor-version":[{"id":815,"href":"https:\/\/pgik.pgik.se\/index.php\/wp-json\/wp\/v2\/pages\/802\/revisions\/815"}],"wp:featuredmedia":[{"embeddable":true,"href":"https:\/\/pgik.pgik.se\/index.php\/wp-json\/wp\/v2\/media\/805"}],"wp:attachment":[{"href":"https:\/\/pgik.pgik.se\/index.php\/wp-json\/wp\/v2\/media?parent=802"}],"curies":[{"name":"wp","href":"https:\/\/api.w.org\/{rel}","templated":true}]}}

5-kamp på Gröna Lund

<p>Äntligen dags för 5-kamp, tisdagen 17 juni kl 17.00. Vi ses vid stora ingången.</p>



<hr class="wp-block-separator has-alpha-channel-opacity"/>



<div class="wp-block-media-text has-media-on-the-right is-stacked-on-mobile"><div class="wp-block-media-text__content">
<p>Anmäl dig genom att svara på utskickat mail senast 11 juni. Vi behöver veta om du har fyllt 65 år. </p>



<p>Kostnad 150 kr då ingår inträde och 2 fria åk, 5-kampshäfte inkl mat och dryck-kupong för 92 kr och uppträdande kl 20.00 med The Corrs.</p>



<p>Vi mailar ut detaljer om betalning efter anmälan.</p>
</div><figure class="wp-block-media-text__media"><img loading="lazy" decoding="async" width="225" height="225" src="https://pgik.pgik.se/wp-content/uploads/2025/06/5kamp.jpeg" alt="Femkamp på Gröna Lund" class="wp-image-803 size-full" srcset="https://pgik.pgik.se/wp-content/uploads/2025/06/5kamp.jpeg 225w, https://pgik.pgik.se/wp-content/uploads/2025/06/5kamp-150x150.jpeg 150w" sizes="auto, (max-width: 225px) 100vw, 225px" /></figure></div>



<hr class="wp-block-separator has-alpha-channel-opacity"/>



<div class="wp-block-media-text is-stacked-on-mobile"><figure class="wp-block-media-text__media"><img loading="lazy" decoding="async" width="1024" height="480" src="https://pgik.pgik.se/wp-content/uploads/2025/06/thecorrs-large-1024x480.jpg" alt="The Corrs" class="wp-image-804 size-full" srcset="https://pgik.pgik.se/wp-content/uploads/2025/06/thecorrs-large-1024x480.jpg 1024w, https://pgik.pgik.se/wp-content/uploads/2025/06/thecorrs-large-300x141.jpg 300w, https://pgik.pgik.se/wp-content/uploads/2025/06/thecorrs-large-768x360.jpg 768w, https://pgik.pgik.se/wp-content/uploads/2025/06/thecorrs-large.jpg 1402w" sizes="auto, (max-width: 1024px) 100vw, 1024px" /></figure><div class="wp-block-media-text__content">
<p>The Corrs, den irländska pop- och folkmusikgruppen består av syskonskaran Andrea, Sharon, Caroline och Jim Corr. De fick sitt stora genombrott med singeln Breathless.</p>
</div></div>



<p>Dans för dig som vill.</p>



<hr class="wp-block-separator has-alpha-channel-opacity"/>



<p>Varmt välkommen önskar Ingrid (mobil 072-707 1556) och Janne (mobil 076-147 7735)</p>



<p><strong><br></strong></p>

<p>Äntligen dags för 5-kamp, tisdagen 17 juni kl 17.00. Vi &hellip; </p>
