{"id":876,"date":"2025-10-08T11:45:25","date_gmt":"2025-10-08T09:45:25","guid":{"rendered":"https:\/\/pgik.pgik.se\/?page_id=876"},"modified":"2025-10-08T11:46:19","modified_gmt":"2025-10-08T09:46:19","slug":"boulebar-i-liljeholmen","status":"publish","type":"page","link":"https:\/\/pgik.pgik.se\/index.php\/boulebar-i-liljeholmen\/","title":{"rendered":"Boulebar i Liljeholmen"},"content":{"rendered":"\n<h2 class=\"wp-block-heading\">Boulebar i Liljeholmen<\/h2>\n\n\n\n<p>Dags f\u00f6r en ny utmaning \u2013 Boule med PGIK!<\/p>\n\n\n\n<p>V\u00e4lkommen till en trevlig kv\u00e4ll med gemenskap, skratt och lite t\u00e4vlingsk\u00e4nsla!<br>Den h\u00e4r g\u00e5ngen testar vi <strong>boule hos Boulebar Liljeholmen<\/strong>.<\/p>\n\n\n\n<p>\ud83d\udccd <strong>Plats:<\/strong> Boulebar Liljeholmen, Liljeholmsv\u00e4gen 14<br>\ud83d\udcc5 <strong>Datum:<\/strong> Tisdag 4 november<br>\ud83d\udd54 <strong>Tid:<\/strong> 17.00<br>\ud83d\udcb0 <strong>Kostnad:<\/strong> 100 kr (betalningsinformation kommer senare)<\/p>\n\n\n\n<p>Anm\u00e4l dig genom att maila till pgik.traff@pgik.se <strong>senast 25 oktober<\/strong>.<\/p>\n\n\n\n<hr class=\"wp-block-separator has-alpha-channel-opacity\"\/>\n\n\n\n<p>\ud83d\udeb6 S\u00e5 tar du dig dit<\/p>\n\n\n\n<p>Ta <strong>buss, tunnelbana eller tv\u00e4rbana<\/strong> till Liljeholmen.<br>Om du kommer med tunnelbanan:<\/p>\n\n\n\n<p>Efter cirka 50 meter hittar du <strong>Boulebar Liljeholmen<\/strong>.<\/p>\n\n\n\n<p>G\u00e5 mot uppg\u00e5ngen d\u00e4r tv\u00e4rbanan avg\u00e5r.<\/p>\n\n\n\n<p>Korsa \u00f6verg\u00e5ngsst\u00e4llet till v\u00e4nster om tv\u00e4rbanan.<\/p>\n\n\n\n<p>F\u00f6lj Liljeholmsv\u00e4gen fram till trafikljuset, g\u00e5 \u00f6ver v\u00e4gen och sv\u00e4ng h\u00f6ger.<\/p>\n\n\n\n<hr class=\"wp-block-separator has-alpha-channel-opacity\"\/>\n\n\n\n<p>V\u00e4lkommen!<\/p>\n\n\n\n<figure class=\"wp-block-image size-full\"><img loading=\"lazy\" decoding=\"async\" width=\"252\" height=\"200\" src=\"https:\/\/pgik.pgik.se\/wp-content\/uploads\/2025\/10\/boulebar_liljeholmen.jpeg\" alt=\"Bild p\u00e5 Boulebar i Liljeholmen\" class=\"wp-image-874\"\/><\/figure>\n\n\n\n<p><\/p>\n","protected":false},"excerpt":{"rendered":"<p>Boulebar i Liljeholmen Dags f\u00f6r en ny utmaning \u2013 Boule &hellip; <\/p>\n","protected":false},"author":1,"featured_media":874,"parent":0,"menu_order":0,"comment_status":"closed","ping_status":"closed","template":"","meta":{"footnotes":""},"class_list":["post-876","page","type-page","status-publish","has-post-thumbnail","hentry"],"_links":{"self":[{"href":"https:\/\/pgik.pgik.se\/index.php\/wp-json\/wp\/v2\/pages\/876","targetHints":{"allow":["GET"]}}],"collection":[{"href":"https:\/\/pgik.pgik.se\/index.php\/wp-json\/wp\/v2\/pages"}],"about":[{"href":"https:\/\/pgik.pgik.se\/index.php\/wp-json\/wp\/v2\/types\/page"}],"author":[{"embeddable":true,"href":"https:\/\/pgik.pgik.se\/index.php\/wp-json\/wp\/v2\/users\/1"}],"replies":[{"embeddable":true,"href":"https:\/\/pgik.pgik.se\/index.php\/wp-json\/wp\/v2\/comments?post=876"}],"version-history":[{"count":3,"href":"https:\/\/pgik.pgik.se\/index.php\/wp-json\/wp\/v2\/pages\/876\/revisions"}],"predecessor-version":[{"id":879,"href":"https:\/\/pgik.pgik.se\/index.php\/wp-json\/wp\/v2\/pages\/876\/revisions\/879"}],"wp:featuredmedia":[{"embeddable":true,"href":"https:\/\/pgik.pgik.se\/index.php\/wp-json\/wp\/v2\/media\/874"}],"wp:attachment":[{"href":"https:\/\/pgik.pgik.se\/index.php\/wp-json\/wp\/v2\/media?parent=876"}],"curies":[{"name":"wp","href":"https:\/\/api.w.org\/{rel}","templated":true}]}}