{"id":926,"date":"2025-11-10T22:05:30","date_gmt":"2025-11-10T21:05:30","guid":{"rendered":"https:\/\/pgik.pgik.se\/?page_id=926"},"modified":"2025-11-10T22:18:09","modified_gmt":"2025-11-10T21:18:09","slug":"utvardering-buskvallen","status":"publish","type":"page","link":"https:\/\/pgik.pgik.se\/index.php\/utvardering-buskvallen\/","title":{"rendered":"Utv\u00e4rdering Buskvallen"},"content":{"rendered":"\n<div class=\"wpcf7 no-js\" id=\"wpcf7-f925-o1\" lang=\"sv-SE\" dir=\"ltr\" data-wpcf7-id=\"925\">\n<div class=\"screen-reader-response\"><p role=\"status\" aria-live=\"polite\" aria-atomic=\"true\"><\/p> <ul><\/ul><\/div>\n<form action=\"\/index.php\/wp-json\/wp\/v2\/pages\/926#wpcf7-f925-o1\" method=\"post\" class=\"wpcf7-form init\" aria-label=\"Kontaktformul\u00e4r\" novalidate=\"novalidate\" data-status=\"init\">\n<fieldset class=\"hidden-fields-container\"><input type=\"hidden\" name=\"_wpcf7\" value=\"925\" \/><input type=\"hidden\" name=\"_wpcf7_version\" value=\"6.1.3\" \/><input type=\"hidden\" name=\"_wpcf7_locale\" value=\"sv_SE\" \/><input type=\"hidden\" name=\"_wpcf7_unit_tag\" value=\"wpcf7-f925-o1\" \/><input type=\"hidden\" name=\"_wpcf7_container_post\" value=\"0\" \/><input type=\"hidden\" name=\"_wpcf7_posted_data_hash\" value=\"\" \/>\n<\/fieldset>\n<h3>N\u00e5gra fr\u00e5gor om din vistelse i PGIK:s stugor i Buskvallen\n<\/h3>\n<p><label>Ditt namn<\/label><br \/>\n<span class=\"wpcf7-form-control-wrap\" data-name=\"your-name\"><input size=\"40\" maxlength=\"400\" class=\"wpcf7-form-control wpcf7-text wpcf7-validates-as-required\" autocomplete=\"name\" aria-required=\"true\" aria-invalid=\"false\" value=\"\" type=\"text\" name=\"your-name\" \/><\/span>\n<\/p>\n<p><label>Din e-post<\/label><br \/>\n<span class=\"wpcf7-form-control-wrap\" data-name=\"your-email\"><input size=\"40\" maxlength=\"400\" class=\"wpcf7-form-control wpcf7-email wpcf7-validates-as-required wpcf7-text wpcf7-validates-as-email\" autocomplete=\"email\" aria-required=\"true\" aria-invalid=\"false\" value=\"\" type=\"email\" name=\"your-email\" \/><\/span>\n<\/p>\n<p><label>Vilken stuga hyrde du?<\/label><br \/>\n<span class=\"wpcf7-form-control-wrap\" data-name=\"stuga\"><input size=\"40\" maxlength=\"400\" class=\"wpcf7-form-control wpcf7-text wpcf7-validates-as-required\" aria-required=\"true\" aria-invalid=\"false\" placeholder=\"Ex: Stuga 6\" value=\"\" type=\"text\" name=\"stuga\" \/><\/span>\n<\/p>\n<p><label>Var stugan bra st\u00e4dad n\u00e4r ni kom?<\/label><br \/>\n<span class=\"wpcf7-form-control-wrap\" data-name=\"stuga_stadad\"><span class=\"wpcf7-form-control wpcf7-radio\"><span class=\"wpcf7-list-item first\"><label><input type=\"radio\" name=\"stuga_stadad\" value=\"Ja\" \/><span class=\"wpcf7-list-item-label\">Ja<\/span><\/label><\/span><span class=\"wpcf7-list-item\"><label><input type=\"radio\" name=\"stuga_stadad\" value=\"Nej\" \/><span class=\"wpcf7-list-item-label\">Nej<\/span><\/label><\/span><span class=\"wpcf7-list-item last\"><label><input type=\"radio\" name=\"stuga_stadad\" value=\"Delvis\" \/><span class=\"wpcf7-list-item-label\">Delvis<\/span><\/label><\/span><\/span><\/span>\n<\/p>\n<p><label>Saknades n\u00e5got i stugan (glas, grytlappar etc)?<\/label><br \/>\n<span class=\"wpcf7-form-control-wrap\" data-name=\"saknades\"><textarea cols=\"40\" rows=\"10\" maxlength=\"2000\" class=\"wpcf7-form-control wpcf7-textarea\" aria-invalid=\"false\" placeholder=\"Skriv h\u00e4r...\" name=\"saknades\"><\/textarea><\/span>\n<\/p>\n<p><label>Var n\u00e5got trasigt i stugan n\u00e4r ni kom?<\/label><br \/>\n<span class=\"wpcf7-form-control-wrap\" data-name=\"trasigt\"><textarea cols=\"40\" rows=\"10\" maxlength=\"2000\" class=\"wpcf7-form-control wpcf7-textarea\" aria-invalid=\"false\" placeholder=\"Skriv h\u00e4r...\" name=\"trasigt\"><\/textarea><\/span>\n<\/p>\n<p><label>Har n\u00e5got g\u00e5tt s\u00f6nder i stugan under er vistelse?<\/label><br \/>\n<span class=\"wpcf7-form-control-wrap\" data-name=\"sonder\"><textarea cols=\"40\" rows=\"10\" maxlength=\"2000\" class=\"wpcf7-form-control wpcf7-textarea\" aria-invalid=\"false\" placeholder=\"Skriv h\u00e4r...\" name=\"sonder\"><\/textarea><\/span>\n<\/p>\n<p><label>Har ni h\u00e4mtat n\u00e5got i f\u00f6rr\u00e5det som saknades eller har g\u00e5tt s\u00f6nder?<\/label><br \/>\n<span class=\"wpcf7-form-control-wrap\" data-name=\"forrad\"><textarea cols=\"40\" rows=\"10\" maxlength=\"2000\" class=\"wpcf7-form-control wpcf7-textarea\" aria-invalid=\"false\" placeholder=\"Skriv h\u00e4r...\" name=\"forrad\"><\/textarea><\/span>\n<\/p>\n<p><label>N\u00e5got som kan f\u00f6rb\u00e4ttras i stugorna?<\/label><br \/>\n<span class=\"wpcf7-form-control-wrap\" data-name=\"forslag\"><textarea cols=\"40\" rows=\"10\" maxlength=\"2000\" class=\"wpcf7-form-control wpcf7-textarea\" aria-invalid=\"false\" placeholder=\"Skriv h\u00e4r...\" name=\"forslag\"><\/textarea><\/span>\n<\/p>\n<p><input class=\"wpcf7-form-control wpcf7-submit has-spinner\" type=\"submit\" value=\"Skicka\" \/>\n<\/p><div class=\"wpcf7-response-output\" aria-hidden=\"true\"><\/div>\n<\/form>\n<\/div>\n\n\n\n\n<p><\/p>\n","protected":false},"excerpt":{"rendered":"","protected":false},"author":1,"featured_media":0,"parent":0,"menu_order":0,"comment_status":"closed","ping_status":"closed","template":"","meta":{"footnotes":""},"class_list":["post-926","page","type-page","status-publish","hentry"],"_links":{"self":[{"href":"https:\/\/pgik.pgik.se\/index.php\/wp-json\/wp\/v2\/pages\/926","targetHints":{"allow":["GET"]}}],"collection":[{"href":"https:\/\/pgik.pgik.se\/index.php\/wp-json\/wp\/v2\/pages"}],"about":[{"href":"https:\/\/pgik.pgik.se\/index.php\/wp-json\/wp\/v2\/types\/page"}],"author":[{"embeddable":true,"href":"https:\/\/pgik.pgik.se\/index.php\/wp-json\/wp\/v2\/users\/1"}],"replies":[{"embeddable":true,"href":"https:\/\/pgik.pgik.se\/index.php\/wp-json\/wp\/v2\/comments?post=926"}],"version-history":[{"count":3,"href":"https:\/\/pgik.pgik.se\/index.php\/wp-json\/wp\/v2\/pages\/926\/revisions"}],"predecessor-version":[{"id":931,"href":"https:\/\/pgik.pgik.se\/index.php\/wp-json\/wp\/v2\/pages\/926\/revisions\/931"}],"wp:attachment":[{"href":"https:\/\/pgik.pgik.se\/index.php\/wp-json\/wp\/v2\/media?parent=926"}],"curies":[{"name":"wp","href":"https:\/\/api.w.org\/{rel}","templated":true}]}}