{"id":94,"date":"2024-12-29T17:14:48","date_gmt":"2024-12-29T16:14:48","guid":{"rendered":"https:\/\/pgik.pgik.se\/?page_id=94"},"modified":"2025-12-29T20:21:35","modified_gmt":"2025-12-29T19:21:35","slug":"stuga-1","status":"publish","type":"page","link":"https:\/\/pgik.pgik.se\/index.php\/stuga-1\/","title":{"rendered":"L\u00e4genhet 1"},"content":{"rendered":"\n<h2 class=\"wp-block-heading\">L\u00e4genhet 1<\/h2>\n\n\n\n<p>L\u00e4genhet 1 \u00e4r en frist\u00e5ende stuga p\u00e5 30 kvadrat med 4-6 b\u00e4ddar. <\/p>\n\n\n\n<p>Stugan har tv\u00e5 rum med v\u00e5ningss\u00e4ngar och en b\u00e4ddsoffa f\u00f6r upp till 2 personer. Det \u00e4r till\u00e5tet att ha hund i stugan.<\/p>\n\n\n\n<p>Priset f\u00f6r <\/p>\n\n\n\n<ul class=\"wp-block-list\">\n<li>l\u00e5gs\u00e4song (v 17-51)<strong> 2 000 kr<\/strong><\/li>\n\n\n\n<li>mellan (v 2-8) <strong>2 500 kr<\/strong><\/li>\n\n\n\n<li>h\u00f6gs\u00e4song (v 1, 9-16, 52) <strong>4 200 kr<\/strong><\/li>\n<\/ul>\n\n\n\n<p>Se bildspel, under kan man klicka p\u00e5 de olika bilderna f\u00f6r att se dem i st\u00f6rre format.<\/p>\n\n\n\n<div class=\"alignnormal\"><div id=\"metaslider-id-516\" style=\"width: 100%;\" class=\"ml-slider-3-108-0 metaslider metaslider-flex metaslider-516 ml-slider has-dots-nav ms-theme-default-base\" role=\"region\" aria-label=\"L\u00e4genhet 1\" data-height=\"300\" data-width=\"700\">\n    <div id=\"metaslider_container_516\">\n        <div id=\"metaslider_516\">\n            <ul class='slides'>\n                <li style=\"display: block; width: 100%;\" class=\"slide-518 ms-image \" aria-roledescription=\"slide\" data-date=\"2025-01-02 23:38:56\" data-filename=\"stuga1_fram-1-scaled-700x300.jpg\" data-slide-type=\"image\"><img loading=\"lazy\" decoding=\"async\" src=\"https:\/\/pgik.pgik.se\/wp-content\/uploads\/2024\/12\/stuga1_fram-1-scaled-700x300.jpg\" height=\"300\" width=\"700\" alt=\"Bild p\u00e5 stuga 1\" class=\"slider-516 slide-518 msDefaultImage\" title=\"stuga1_fram\" \/><\/li>\n                <li style=\"display: none; width: 100%;\" class=\"slide-523 ms-image \" aria-roledescription=\"slide\" data-date=\"2025-01-02 23:38:57\" data-filename=\"stuga1_rum-700x300.jpg\" data-slide-type=\"image\"><img loading=\"lazy\" decoding=\"async\" src=\"https:\/\/pgik.pgik.se\/wp-content\/uploads\/2024\/12\/stuga1_rum-700x300.jpg\" height=\"300\" width=\"700\" alt=\"Bild p\u00e5 allrummet i stuga 1, matbord och tv.\" class=\"slider-516 slide-523 msDefaultImage\" title=\"stuga1_rum\" \/><\/li>\n                <li style=\"display: none; width: 100%;\" class=\"slide-522 ms-image \" aria-roledescription=\"slide\" data-date=\"2025-01-02 23:38:56\" data-filename=\"stuga1_soffa-700x300.jpg\" data-slide-type=\"image\"><img loading=\"lazy\" decoding=\"async\" src=\"https:\/\/pgik.pgik.se\/wp-content\/uploads\/2024\/12\/stuga1_soffa-700x300.jpg\" height=\"300\" width=\"700\" alt=\"Bild p\u00e5 allrummet i stuga 1, soffan.\" class=\"slider-516 slide-522 msDefaultImage\" title=\"stuga1_soffa\" \/><\/li>\n                <li style=\"display: none; width: 100%;\" class=\"slide-517 ms-image \" aria-roledescription=\"slide\" data-date=\"2025-01-02 23:38:56\" data-filename=\"stuga1_kok-scaled-700x300.jpg\" data-slide-type=\"image\"><img loading=\"lazy\" decoding=\"async\" src=\"https:\/\/pgik.pgik.se\/wp-content\/uploads\/2024\/12\/stuga1_kok-scaled-700x300.jpg\" height=\"300\" width=\"700\" alt=\"Bild p\u00e5 k\u00f6ket i stuga 1\" class=\"slider-516 slide-517 msDefaultImage\" title=\"stuga1_kok\" \/><\/li>\n                <li style=\"display: none; width: 100%;\" class=\"slide-521 ms-image \" aria-roledescription=\"slide\" data-date=\"2025-01-02 23:38:56\" data-filename=\"stuga1_badrum-scaled-700x300.jpg\" data-slide-type=\"image\"><img loading=\"lazy\" decoding=\"async\" src=\"https:\/\/pgik.pgik.se\/wp-content\/uploads\/2024\/12\/stuga1_badrum-scaled-700x300.jpg\" height=\"300\" width=\"700\" alt=\"Bild p\u00e5 badrummet i stuga 1.\" class=\"slider-516 slide-521 msDefaultImage\" title=\"stuga1_badrum\" \/><\/li>\n                <li style=\"display: none; width: 100%;\" class=\"slide-524 ms-image \" aria-roledescription=\"slide\" data-date=\"2025-01-02 23:38:57\" data-filename=\"stuga1_sovrum2-700x300.jpg\" data-slide-type=\"image\"><img loading=\"lazy\" decoding=\"async\" src=\"https:\/\/pgik.pgik.se\/wp-content\/uploads\/2024\/12\/stuga1_sovrum2-700x300.jpg\" height=\"300\" width=\"700\" alt=\"Bild p\u00e5 det h\u00f6gra sovrummet i stuga 1.\" class=\"slider-516 slide-524 msDefaultImage\" title=\"stuga1_sovrum2\" \/><\/li>\n                <li style=\"display: none; width: 100%;\" class=\"slide-525 ms-image \" aria-roledescription=\"slide\" data-date=\"2025-01-02 23:38:57\" data-filename=\"stuga1_sovrum1-700x300.jpg\" data-slide-type=\"image\"><img loading=\"lazy\" decoding=\"async\" src=\"https:\/\/pgik.pgik.se\/wp-content\/uploads\/2024\/12\/stuga1_sovrum1-700x300.jpg\" height=\"300\" width=\"700\" alt=\"Bild p\u00e5 det v\u00e4nstra sovrummet i stuga 1.\" class=\"slider-516 slide-525 msDefaultImage\" title=\"stuga1_sovrum1\" \/><\/li>\n                <li style=\"display: none; width: 100%;\" class=\"slide-519 ms-image \" aria-roledescription=\"slide\" data-date=\"2025-01-02 23:38:56\" data-filename=\"stuga1_veranda-scaled-700x300.jpg\" data-slide-type=\"image\"><img loading=\"lazy\" decoding=\"async\" src=\"https:\/\/pgik.pgik.se\/wp-content\/uploads\/2024\/12\/stuga1_veranda-scaled-700x300.jpg\" height=\"300\" width=\"700\" alt=\"Bild fr\u00e5n stuga etts altan.\" class=\"slider-516 slide-519 msDefaultImage\" title=\"stuga1_veranda\" \/><\/li>\n            <\/ul>\n        <\/div>\n        \n    <\/div>\n<\/div><\/div>\n\n\n\n<figure class=\"wp-block-gallery has-nested-images columns-default is-cropped wp-block-gallery-1 is-layout-flex wp-block-gallery-is-layout-flex\">\n<figure data-wp-context=\"{&quot;imageId&quot;:&quot;69f1a37f4b845&quot;}\" data-wp-interactive=\"core\/image\" data-wp-key=\"69f1a37f4b845\" class=\"wp-block-image size-thumbnail is-style-default wp-lightbox-container\"><img loading=\"lazy\" decoding=\"async\" width=\"150\" height=\"150\" data-wp-class--hide=\"state.isContentHidden\" data-wp-class--show=\"state.isContentVisible\" data-wp-init=\"callbacks.setButtonStyles\" data-wp-on--click=\"actions.showLightbox\" data-wp-on--load=\"callbacks.setButtonStyles\" data-wp-on-window--resize=\"callbacks.setButtonStyles\" data-id=\"107\" src=\"https:\/\/pgik.pgik.se\/wp-content\/uploads\/2024\/12\/stuga1_fram-1-150x150.jpg\" alt=\"\" class=\"wp-image-107\"\/><button\n\t\t\tclass=\"lightbox-trigger\"\n\t\t\ttype=\"button\"\n\t\t\taria-haspopup=\"dialog\"\n\t\t\taria-label=\"F\u00f6rstora\"\n\t\t\tdata-wp-init=\"callbacks.initTriggerButton\"\n\t\t\tdata-wp-on--click=\"actions.showLightbox\"\n\t\t\tdata-wp-style--right=\"state.imageButtonRight\"\n\t\t\tdata-wp-style--top=\"state.imageButtonTop\"\n\t\t>\n\t\t\t<svg xmlns=\"http:\/\/www.w3.org\/2000\/svg\" width=\"12\" height=\"12\" fill=\"none\" viewBox=\"0 0 12 12\">\n\t\t\t\t<path fill=\"#fff\" d=\"M2 0a2 2 0 0 0-2 2v2h1.5V2a.5.5 0 0 1 .5-.5h2V0H2Zm2 10.5H2a.5.5 0 0 1-.5-.5V8H0v2a2 2 0 0 0 2 2h2v-1.5ZM8 12v-1.5h2a.5.5 0 0 0 .5-.5V8H12v2a2 2 0 0 1-2 2H8Zm2-12a2 2 0 0 1 2 2v2h-1.5V2a.5.5 0 0 0-.5-.5H8V0h2Z\" \/>\n\t\t\t<\/svg>\n\t\t<\/button><\/figure>\n\n\n\n<figure data-wp-context=\"{&quot;imageId&quot;:&quot;69f1a37f4bcf9&quot;}\" data-wp-interactive=\"core\/image\" data-wp-key=\"69f1a37f4bcf9\" class=\"wp-block-image size-large wp-lightbox-container\"><img loading=\"lazy\" decoding=\"async\" width=\"1024\" height=\"768\" data-wp-class--hide=\"state.isContentHidden\" data-wp-class--show=\"state.isContentVisible\" data-wp-init=\"callbacks.setButtonStyles\" data-wp-on--click=\"actions.showLightbox\" data-wp-on--load=\"callbacks.setButtonStyles\" data-wp-on-window--resize=\"callbacks.setButtonStyles\" data-id=\"97\" src=\"https:\/\/pgik.pgik.se\/wp-content\/uploads\/2024\/12\/stuga1_rum-1024x768.jpg\" alt=\"\" class=\"wp-image-97\" srcset=\"https:\/\/pgik.pgik.se\/wp-content\/uploads\/2024\/12\/stuga1_rum-1024x768.jpg 1024w, https:\/\/pgik.pgik.se\/wp-content\/uploads\/2024\/12\/stuga1_rum-300x225.jpg 300w, https:\/\/pgik.pgik.se\/wp-content\/uploads\/2024\/12\/stuga1_rum-768x576.jpg 768w, https:\/\/pgik.pgik.se\/wp-content\/uploads\/2024\/12\/stuga1_rum-1536x1152.jpg 1536w, https:\/\/pgik.pgik.se\/wp-content\/uploads\/2024\/12\/stuga1_rum-640x480.jpg 640w, https:\/\/pgik.pgik.se\/wp-content\/uploads\/2024\/12\/stuga1_rum-110x83.jpg 110w, https:\/\/pgik.pgik.se\/wp-content\/uploads\/2024\/12\/stuga1_rum.jpg 1600w\" sizes=\"auto, (max-width: 1024px) 100vw, 1024px\" \/><button\n\t\t\tclass=\"lightbox-trigger\"\n\t\t\ttype=\"button\"\n\t\t\taria-haspopup=\"dialog\"\n\t\t\taria-label=\"F\u00f6rstora\"\n\t\t\tdata-wp-init=\"callbacks.initTriggerButton\"\n\t\t\tdata-wp-on--click=\"actions.showLightbox\"\n\t\t\tdata-wp-style--right=\"state.imageButtonRight\"\n\t\t\tdata-wp-style--top=\"state.imageButtonTop\"\n\t\t>\n\t\t\t<svg xmlns=\"http:\/\/www.w3.org\/2000\/svg\" width=\"12\" height=\"12\" fill=\"none\" viewBox=\"0 0 12 12\">\n\t\t\t\t<path fill=\"#fff\" d=\"M2 0a2 2 0 0 0-2 2v2h1.5V2a.5.5 0 0 1 .5-.5h2V0H2Zm2 10.5H2a.5.5 0 0 1-.5-.5V8H0v2a2 2 0 0 0 2 2h2v-1.5ZM8 12v-1.5h2a.5.5 0 0 0 .5-.5V8H12v2a2 2 0 0 1-2 2H8Zm2-12a2 2 0 0 1 2 2v2h-1.5V2a.5.5 0 0 0-.5-.5H8V0h2Z\" \/>\n\t\t\t<\/svg>\n\t\t<\/button><\/figure>\n\n\n\n<figure data-wp-context=\"{&quot;imageId&quot;:&quot;69f1a37f4c14a&quot;}\" data-wp-interactive=\"core\/image\" data-wp-key=\"69f1a37f4c14a\" class=\"wp-block-image size-large wp-lightbox-container\"><img loading=\"lazy\" decoding=\"async\" width=\"1024\" height=\"768\" data-wp-class--hide=\"state.isContentHidden\" data-wp-class--show=\"state.isContentVisible\" data-wp-init=\"callbacks.setButtonStyles\" data-wp-on--click=\"actions.showLightbox\" data-wp-on--load=\"callbacks.setButtonStyles\" data-wp-on-window--resize=\"callbacks.setButtonStyles\" data-id=\"98\" src=\"https:\/\/pgik.pgik.se\/wp-content\/uploads\/2024\/12\/stuga1_soffa-1024x768.jpg\" alt=\"\" class=\"wp-image-98\" srcset=\"https:\/\/pgik.pgik.se\/wp-content\/uploads\/2024\/12\/stuga1_soffa-1024x768.jpg 1024w, https:\/\/pgik.pgik.se\/wp-content\/uploads\/2024\/12\/stuga1_soffa-300x225.jpg 300w, https:\/\/pgik.pgik.se\/wp-content\/uploads\/2024\/12\/stuga1_soffa-768x576.jpg 768w, https:\/\/pgik.pgik.se\/wp-content\/uploads\/2024\/12\/stuga1_soffa-1536x1152.jpg 1536w, https:\/\/pgik.pgik.se\/wp-content\/uploads\/2024\/12\/stuga1_soffa-640x480.jpg 640w, https:\/\/pgik.pgik.se\/wp-content\/uploads\/2024\/12\/stuga1_soffa-110x83.jpg 110w, https:\/\/pgik.pgik.se\/wp-content\/uploads\/2024\/12\/stuga1_soffa.jpg 1600w\" sizes=\"auto, (max-width: 1024px) 100vw, 1024px\" \/><button\n\t\t\tclass=\"lightbox-trigger\"\n\t\t\ttype=\"button\"\n\t\t\taria-haspopup=\"dialog\"\n\t\t\taria-label=\"F\u00f6rstora\"\n\t\t\tdata-wp-init=\"callbacks.initTriggerButton\"\n\t\t\tdata-wp-on--click=\"actions.showLightbox\"\n\t\t\tdata-wp-style--right=\"state.imageButtonRight\"\n\t\t\tdata-wp-style--top=\"state.imageButtonTop\"\n\t\t>\n\t\t\t<svg xmlns=\"http:\/\/www.w3.org\/2000\/svg\" width=\"12\" height=\"12\" fill=\"none\" viewBox=\"0 0 12 12\">\n\t\t\t\t<path fill=\"#fff\" d=\"M2 0a2 2 0 0 0-2 2v2h1.5V2a.5.5 0 0 1 .5-.5h2V0H2Zm2 10.5H2a.5.5 0 0 1-.5-.5V8H0v2a2 2 0 0 0 2 2h2v-1.5ZM8 12v-1.5h2a.5.5 0 0 0 .5-.5V8H12v2a2 2 0 0 1-2 2H8Zm2-12a2 2 0 0 1 2 2v2h-1.5V2a.5.5 0 0 0-.5-.5H8V0h2Z\" \/>\n\t\t\t<\/svg>\n\t\t<\/button><\/figure>\n\n\n\n<figure data-wp-context=\"{&quot;imageId&quot;:&quot;69f1a37f4c557&quot;}\" data-wp-interactive=\"core\/image\" data-wp-key=\"69f1a37f4c557\" class=\"wp-block-image size-large wp-lightbox-container\"><img loading=\"lazy\" decoding=\"async\" width=\"1024\" height=\"853\" data-wp-class--hide=\"state.isContentHidden\" data-wp-class--show=\"state.isContentVisible\" data-wp-init=\"callbacks.setButtonStyles\" data-wp-on--click=\"actions.showLightbox\" data-wp-on--load=\"callbacks.setButtonStyles\" data-wp-on-window--resize=\"callbacks.setButtonStyles\" data-id=\"297\" src=\"https:\/\/pgik.pgik.se\/wp-content\/uploads\/2024\/12\/stuga1_kok-1024x853.jpg\" alt=\"Bild p\u00e5 k\u00f6ket i stuga 1\" class=\"wp-image-297\" srcset=\"https:\/\/pgik.pgik.se\/wp-content\/uploads\/2024\/12\/stuga1_kok-1024x853.jpg 1024w, https:\/\/pgik.pgik.se\/wp-content\/uploads\/2024\/12\/stuga1_kok-300x250.jpg 300w, https:\/\/pgik.pgik.se\/wp-content\/uploads\/2024\/12\/stuga1_kok-768x640.jpg 768w, https:\/\/pgik.pgik.se\/wp-content\/uploads\/2024\/12\/stuga1_kok-1536x1280.jpg 1536w, https:\/\/pgik.pgik.se\/wp-content\/uploads\/2024\/12\/stuga1_kok-2048x1706.jpg 2048w\" sizes=\"auto, (max-width: 1024px) 100vw, 1024px\" \/><button\n\t\t\tclass=\"lightbox-trigger\"\n\t\t\ttype=\"button\"\n\t\t\taria-haspopup=\"dialog\"\n\t\t\taria-label=\"F\u00f6rstora\"\n\t\t\tdata-wp-init=\"callbacks.initTriggerButton\"\n\t\t\tdata-wp-on--click=\"actions.showLightbox\"\n\t\t\tdata-wp-style--right=\"state.imageButtonRight\"\n\t\t\tdata-wp-style--top=\"state.imageButtonTop\"\n\t\t>\n\t\t\t<svg xmlns=\"http:\/\/www.w3.org\/2000\/svg\" width=\"12\" height=\"12\" fill=\"none\" viewBox=\"0 0 12 12\">\n\t\t\t\t<path fill=\"#fff\" d=\"M2 0a2 2 0 0 0-2 2v2h1.5V2a.5.5 0 0 1 .5-.5h2V0H2Zm2 10.5H2a.5.5 0 0 1-.5-.5V8H0v2a2 2 0 0 0 2 2h2v-1.5ZM8 12v-1.5h2a.5.5 0 0 0 .5-.5V8H12v2a2 2 0 0 1-2 2H8Zm2-12a2 2 0 0 1 2 2v2h-1.5V2a.5.5 0 0 0-.5-.5H8V0h2Z\" \/>\n\t\t\t<\/svg>\n\t\t<\/button><\/figure>\n\n\n\n<figure data-wp-context=\"{&quot;imageId&quot;:&quot;69f1a37f4c94b&quot;}\" data-wp-interactive=\"core\/image\" data-wp-key=\"69f1a37f4c94b\" class=\"wp-block-image size-thumbnail wp-lightbox-container\"><img loading=\"lazy\" decoding=\"async\" width=\"150\" height=\"150\" data-wp-class--hide=\"state.isContentHidden\" data-wp-class--show=\"state.isContentVisible\" data-wp-init=\"callbacks.setButtonStyles\" data-wp-on--click=\"actions.showLightbox\" data-wp-on--load=\"callbacks.setButtonStyles\" data-wp-on-window--resize=\"callbacks.setButtonStyles\" data-id=\"750\" src=\"https:\/\/pgik.pgik.se\/wp-content\/uploads\/2025\/02\/stuga1_badrum-150x150.jpg\" alt=\"Bild p\u00e5 badrummet i l\u00e4genhet 1.\" class=\"wp-image-750\"\/><button\n\t\t\tclass=\"lightbox-trigger\"\n\t\t\ttype=\"button\"\n\t\t\taria-haspopup=\"dialog\"\n\t\t\taria-label=\"F\u00f6rstora\"\n\t\t\tdata-wp-init=\"callbacks.initTriggerButton\"\n\t\t\tdata-wp-on--click=\"actions.showLightbox\"\n\t\t\tdata-wp-style--right=\"state.imageButtonRight\"\n\t\t\tdata-wp-style--top=\"state.imageButtonTop\"\n\t\t>\n\t\t\t<svg xmlns=\"http:\/\/www.w3.org\/2000\/svg\" width=\"12\" height=\"12\" fill=\"none\" viewBox=\"0 0 12 12\">\n\t\t\t\t<path fill=\"#fff\" d=\"M2 0a2 2 0 0 0-2 2v2h1.5V2a.5.5 0 0 1 .5-.5h2V0H2Zm2 10.5H2a.5.5 0 0 1-.5-.5V8H0v2a2 2 0 0 0 2 2h2v-1.5ZM8 12v-1.5h2a.5.5 0 0 0 .5-.5V8H12v2a2 2 0 0 1-2 2H8Zm2-12a2 2 0 0 1 2 2v2h-1.5V2a.5.5 0 0 0-.5-.5H8V0h2Z\" \/>\n\t\t\t<\/svg>\n\t\t<\/button><\/figure>\n\n\n\n<figure data-wp-context=\"{&quot;imageId&quot;:&quot;69f1a37f4cd84&quot;}\" data-wp-interactive=\"core\/image\" data-wp-key=\"69f1a37f4cd84\" class=\"wp-block-image size-thumbnail wp-lightbox-container\"><img loading=\"lazy\" decoding=\"async\" width=\"150\" height=\"150\" data-wp-class--hide=\"state.isContentHidden\" data-wp-class--show=\"state.isContentVisible\" data-wp-init=\"callbacks.setButtonStyles\" data-wp-on--click=\"actions.showLightbox\" data-wp-on--load=\"callbacks.setButtonStyles\" data-wp-on-window--resize=\"callbacks.setButtonStyles\" data-id=\"95\" src=\"https:\/\/pgik.pgik.se\/wp-content\/uploads\/2024\/12\/stuga1_sovrum1-150x150.jpg\" alt=\"\" class=\"wp-image-95\"\/><button\n\t\t\tclass=\"lightbox-trigger\"\n\t\t\ttype=\"button\"\n\t\t\taria-haspopup=\"dialog\"\n\t\t\taria-label=\"F\u00f6rstora\"\n\t\t\tdata-wp-init=\"callbacks.initTriggerButton\"\n\t\t\tdata-wp-on--click=\"actions.showLightbox\"\n\t\t\tdata-wp-style--right=\"state.imageButtonRight\"\n\t\t\tdata-wp-style--top=\"state.imageButtonTop\"\n\t\t>\n\t\t\t<svg xmlns=\"http:\/\/www.w3.org\/2000\/svg\" width=\"12\" height=\"12\" fill=\"none\" viewBox=\"0 0 12 12\">\n\t\t\t\t<path fill=\"#fff\" d=\"M2 0a2 2 0 0 0-2 2v2h1.5V2a.5.5 0 0 1 .5-.5h2V0H2Zm2 10.5H2a.5.5 0 0 1-.5-.5V8H0v2a2 2 0 0 0 2 2h2v-1.5ZM8 12v-1.5h2a.5.5 0 0 0 .5-.5V8H12v2a2 2 0 0 1-2 2H8Zm2-12a2 2 0 0 1 2 2v2h-1.5V2a.5.5 0 0 0-.5-.5H8V0h2Z\" \/>\n\t\t\t<\/svg>\n\t\t<\/button><\/figure>\n\n\n\n<figure data-wp-context=\"{&quot;imageId&quot;:&quot;69f1a37f4d18d&quot;}\" data-wp-interactive=\"core\/image\" data-wp-key=\"69f1a37f4d18d\" class=\"wp-block-image size-thumbnail wp-lightbox-container\"><img loading=\"lazy\" decoding=\"async\" width=\"150\" height=\"150\" data-wp-class--hide=\"state.isContentHidden\" data-wp-class--show=\"state.isContentVisible\" data-wp-init=\"callbacks.setButtonStyles\" data-wp-on--click=\"actions.showLightbox\" data-wp-on--load=\"callbacks.setButtonStyles\" data-wp-on-window--resize=\"callbacks.setButtonStyles\" data-id=\"96\" src=\"https:\/\/pgik.pgik.se\/wp-content\/uploads\/2024\/12\/stuga1_sovrum2-150x150.jpg\" alt=\"\" class=\"wp-image-96\"\/><button\n\t\t\tclass=\"lightbox-trigger\"\n\t\t\ttype=\"button\"\n\t\t\taria-haspopup=\"dialog\"\n\t\t\taria-label=\"F\u00f6rstora\"\n\t\t\tdata-wp-init=\"callbacks.initTriggerButton\"\n\t\t\tdata-wp-on--click=\"actions.showLightbox\"\n\t\t\tdata-wp-style--right=\"state.imageButtonRight\"\n\t\t\tdata-wp-style--top=\"state.imageButtonTop\"\n\t\t>\n\t\t\t<svg xmlns=\"http:\/\/www.w3.org\/2000\/svg\" width=\"12\" height=\"12\" fill=\"none\" viewBox=\"0 0 12 12\">\n\t\t\t\t<path fill=\"#fff\" d=\"M2 0a2 2 0 0 0-2 2v2h1.5V2a.5.5 0 0 1 .5-.5h2V0H2Zm2 10.5H2a.5.5 0 0 1-.5-.5V8H0v2a2 2 0 0 0 2 2h2v-1.5ZM8 12v-1.5h2a.5.5 0 0 0 .5-.5V8H12v2a2 2 0 0 1-2 2H8Zm2-12a2 2 0 0 1 2 2v2h-1.5V2a.5.5 0 0 0-.5-.5H8V0h2Z\" \/>\n\t\t\t<\/svg>\n\t\t<\/button><\/figure>\n\n\n\n<figure data-wp-context=\"{&quot;imageId&quot;:&quot;69f1a37f4d5f4&quot;}\" data-wp-interactive=\"core\/image\" data-wp-key=\"69f1a37f4d5f4\" class=\"wp-block-image size-large wp-lightbox-container\"><img loading=\"lazy\" decoding=\"async\" width=\"1024\" height=\"576\" data-wp-class--hide=\"state.isContentHidden\" data-wp-class--show=\"state.isContentVisible\" data-wp-init=\"callbacks.setButtonStyles\" data-wp-on--click=\"actions.showLightbox\" data-wp-on--load=\"callbacks.setButtonStyles\" data-wp-on-window--resize=\"callbacks.setButtonStyles\" data-id=\"299\" src=\"https:\/\/pgik.pgik.se\/wp-content\/uploads\/2024\/12\/snoutsikt-1024x576.jpg\" alt=\"\" class=\"wp-image-299\" srcset=\"https:\/\/pgik.pgik.se\/wp-content\/uploads\/2024\/12\/snoutsikt-1024x576.jpg 1024w, https:\/\/pgik.pgik.se\/wp-content\/uploads\/2024\/12\/snoutsikt-300x169.jpg 300w, https:\/\/pgik.pgik.se\/wp-content\/uploads\/2024\/12\/snoutsikt-768x432.jpg 768w, https:\/\/pgik.pgik.se\/wp-content\/uploads\/2024\/12\/snoutsikt-1536x864.jpg 1536w, https:\/\/pgik.pgik.se\/wp-content\/uploads\/2024\/12\/snoutsikt-2048x1152.jpg 2048w\" sizes=\"auto, (max-width: 1024px) 100vw, 1024px\" \/><button\n\t\t\tclass=\"lightbox-trigger\"\n\t\t\ttype=\"button\"\n\t\t\taria-haspopup=\"dialog\"\n\t\t\taria-label=\"F\u00f6rstora\"\n\t\t\tdata-wp-init=\"callbacks.initTriggerButton\"\n\t\t\tdata-wp-on--click=\"actions.showLightbox\"\n\t\t\tdata-wp-style--right=\"state.imageButtonRight\"\n\t\t\tdata-wp-style--top=\"state.imageButtonTop\"\n\t\t>\n\t\t\t<svg xmlns=\"http:\/\/www.w3.org\/2000\/svg\" width=\"12\" height=\"12\" fill=\"none\" viewBox=\"0 0 12 12\">\n\t\t\t\t<path fill=\"#fff\" d=\"M2 0a2 2 0 0 0-2 2v2h1.5V2a.5.5 0 0 1 .5-.5h2V0H2Zm2 10.5H2a.5.5 0 0 1-.5-.5V8H0v2a2 2 0 0 0 2 2h2v-1.5ZM8 12v-1.5h2a.5.5 0 0 0 .5-.5V8H12v2a2 2 0 0 1-2 2H8Zm2-12a2 2 0 0 1 2 2v2h-1.5V2a.5.5 0 0 0-.5-.5H8V0h2Z\" \/>\n\t\t\t<\/svg>\n\t\t<\/button><\/figure>\n\n\n\n<figure data-wp-context=\"{&quot;imageId&quot;:&quot;69f1a37f4d9ec&quot;}\" data-wp-interactive=\"core\/image\" data-wp-key=\"69f1a37f4d9ec\" class=\"wp-block-image size-large wp-lightbox-container\"><img loading=\"lazy\" decoding=\"async\" width=\"1024\" height=\"576\" data-wp-class--hide=\"state.isContentHidden\" data-wp-class--show=\"state.isContentVisible\" data-wp-init=\"callbacks.setButtonStyles\" data-wp-on--click=\"actions.showLightbox\" data-wp-on--load=\"callbacks.setButtonStyles\" data-wp-on-window--resize=\"callbacks.setButtonStyles\" data-id=\"106\" src=\"https:\/\/pgik.pgik.se\/wp-content\/uploads\/2024\/12\/stuga1_veranda-1024x576.jpg\" alt=\"\" class=\"wp-image-106\" srcset=\"https:\/\/pgik.pgik.se\/wp-content\/uploads\/2024\/12\/stuga1_veranda-1024x576.jpg 1024w, https:\/\/pgik.pgik.se\/wp-content\/uploads\/2024\/12\/stuga1_veranda-300x169.jpg 300w, https:\/\/pgik.pgik.se\/wp-content\/uploads\/2024\/12\/stuga1_veranda-768x432.jpg 768w, https:\/\/pgik.pgik.se\/wp-content\/uploads\/2024\/12\/stuga1_veranda-1536x864.jpg 1536w, https:\/\/pgik.pgik.se\/wp-content\/uploads\/2024\/12\/stuga1_veranda-2048x1152.jpg 2048w\" sizes=\"auto, (max-width: 1024px) 100vw, 1024px\" \/><button\n\t\t\tclass=\"lightbox-trigger\"\n\t\t\ttype=\"button\"\n\t\t\taria-haspopup=\"dialog\"\n\t\t\taria-label=\"F\u00f6rstora\"\n\t\t\tdata-wp-init=\"callbacks.initTriggerButton\"\n\t\t\tdata-wp-on--click=\"actions.showLightbox\"\n\t\t\tdata-wp-style--right=\"state.imageButtonRight\"\n\t\t\tdata-wp-style--top=\"state.imageButtonTop\"\n\t\t>\n\t\t\t<svg xmlns=\"http:\/\/www.w3.org\/2000\/svg\" width=\"12\" height=\"12\" fill=\"none\" viewBox=\"0 0 12 12\">\n\t\t\t\t<path fill=\"#fff\" d=\"M2 0a2 2 0 0 0-2 2v2h1.5V2a.5.5 0 0 1 .5-.5h2V0H2Zm2 10.5H2a.5.5 0 0 1-.5-.5V8H0v2a2 2 0 0 0 2 2h2v-1.5ZM8 12v-1.5h2a.5.5 0 0 0 .5-.5V8H12v2a2 2 0 0 1-2 2H8Zm2-12a2 2 0 0 1 2 2v2h-1.5V2a.5.5 0 0 0-.5-.5H8V0h2Z\" \/>\n\t\t\t<\/svg>\n\t\t<\/button><\/figure>\n<\/figure>\n\n\n\n<hr class=\"wp-block-separator has-alpha-channel-opacity\"\/>\n\n\n\n<p><a href=\"https:\/\/pgik.pgik.se\/index.php\/buskvallen-2\/\" data-type=\"page\" data-id=\"46\">Tillbaka till sidan f\u00f6r Buskvallen<\/a><br><br><\/p>\n\n\n\n<p><\/p>\n","protected":false},"excerpt":{"rendered":"<p>L\u00e4genhet 1 L\u00e4genhet 1 \u00e4r en frist\u00e5ende stuga p\u00e5 30 &hellip; <\/p>\n","protected":false},"author":1,"featured_media":105,"parent":0,"menu_order":0,"comment_status":"closed","ping_status":"closed","template":"","meta":{"footnotes":""},"class_list":["post-94","page","type-page","status-publish","has-post-thumbnail","hentry"],"_links":{"self":[{"href":"https:\/\/pgik.pgik.se\/index.php\/wp-json\/wp\/v2\/pages\/94","targetHints":{"allow":["GET"]}}],"collection":[{"href":"https:\/\/pgik.pgik.se\/index.php\/wp-json\/wp\/v2\/pages"}],"about":[{"href":"https:\/\/pgik.pgik.se\/index.php\/wp-json\/wp\/v2\/types\/page"}],"author":[{"embeddable":true,"href":"https:\/\/pgik.pgik.se\/index.php\/wp-json\/wp\/v2\/users\/1"}],"replies":[{"embeddable":true,"href":"https:\/\/pgik.pgik.se\/index.php\/wp-json\/wp\/v2\/comments?post=94"}],"version-history":[{"count":25,"href":"https:\/\/pgik.pgik.se\/index.php\/wp-json\/wp\/v2\/pages\/94\/revisions"}],"predecessor-version":[{"id":970,"href":"https:\/\/pgik.pgik.se\/index.php\/wp-json\/wp\/v2\/pages\/94\/revisions\/970"}],"wp:featuredmedia":[{"embeddable":true,"href":"https:\/\/pgik.pgik.se\/index.php\/wp-json\/wp\/v2\/media\/105"}],"wp:attachment":[{"href":"https:\/\/pgik.pgik.se\/index.php\/wp-json\/wp\/v2\/media?parent=94"}],"curies":[{"name":"wp","href":"https:\/\/api.w.org\/{rel}","templated":true}]}}